 is the hundreds digit of 546463?
4
What is the thousands digit of 32862661?
2
What is the tens digit of 10543965?
6
What is the hundred thousands digit of 1432397?
4
What is the tens digit of 12423062?
6
What is the hundreds digit of 2925369?
3
What is the units digit of 1726434?
4
What is the thousands digit of 12389707?
9
What is the ten thousands digit of 95932?
9
What is the hundreds digit of 2868205?
2
What is the hundred thousands digit of 453920?
4
What is the hundred thousands digit of 191502?
1
What is the ten thousands digit of 10493264?
9
What is the units digit of 27520?
0
What is the units digit of 443220?
0
What is the tens digit of 611811?
1
What is the ten thousands digit of 824663?
2
What is the hundred thousands digit of 4842264?
8
What is the units digit of 230427?
7
What is the hundreds digit of 275692?
6
What is the units digit of 836473?
3
What is the hundreds digit of 454843?
8
What is the hundreds digit of 83262?
2
What is the hundred thousands digit of 678761?
6
What is the millions digit of 1817064?
1
What is the tens digit of 3989324?
2
What is the hundreds digit of 459461?
4
What is the thousands digit of 505241?
5
What is the hundred thousands digit of 3424008?
4
What is the thousands digit of 1629526?
9
What is the ten thousands digit of 436813?
3
What is the thousands digit of 8293786?
3
What is the thousands digit of 27346590?
6
What is the hundred thousands digit of 223004?
2
What is the units digit of 320096?
6
What is the thousands digit of 4362984?
2
What is the ten thousands digit of 1992845?
9
What is the hundreds digit of 15039026?
0
What is the hundreds digit of 227846?
8
What is the hundreds digit of 8726077?
0
What is the hundreds digit of 206934?
9
What is the ten thousands digit of 412607?
1
What is the thousands digit of 208785?
8
What is the tens digit of 4351866?
6
What is the hundred thousands digit of 2353687?
3
What is the hundreds digit of 208466?
4
What is the units digit of 3053913?
3
What is the units digit of 10671776?
6
What is the thousands digit of 17876?
7
What is the ten thousands digit of 826885?
2
What is the hundred thousands digit of 121801?
1
What is the hundred thousands digit of 1596895?
5
What is the hundred thousands digit of 17496164?
4
What is the thousands digit of 17803871?
3
What is the units digit of 637776?
6
What is the millions digit of 1370039?
1
What is the hundreds digit of 2057468?
4
What is the thousands digit of 3726651?
6
What is the ten thousands digit of 3910828?
1
What is the ten thousands digit of 1764840?
6
What is the hundred thousands digit of 105804?
1
What is the thousands digit of 3112635?
2
What is the hundred thousands digit of 4602087?
6
What is the hundred thousands digit of 153160?
1
What is the hundred thousands digit of 989406?
9
What is the ten thousands digit of 275417?
7
What is the hundred thousands digit of 210600?
2
What is the thousands digit of 5636923?
6
What is the hundred thousands digit of 9327082?
3
What is the units digit of 1976024?
4
What is the hundred thousands digit of 1964623?
9
What is the ten thousands digit of 5845529?
4
What is the ten thousands digit of 3240215?
4
What is the ten thousands digit of 3209714?
0
What is the hundred thousands digit of 111942?
1
What is the units digit of 262276?
6
What is the hundred thousands digit of 7666022?
6
What is the millions digit of 3496492?
3
What is the units digit of 293044?
4
What is the tens digit of 4041811?
1
What is the hundreds digit of 3310444?
4
What is the units digit of 876638?
8
What is the hundreds digit of 520095?
0
What is the units digit of 802453?
3
What is the tens digit of 1169437?
3
What is the ten thousands digit of 875598?
7
What is the hundreds digit of 1517886?
8
What is the units digit of 353308?
8
What is the ten thousands digit of 203402?
0
What is the hundred thousands digit of 1563183?
5
What is the tens digit of 8782396?
9
What is the ten thousands digit of 16362447?
6
What is the hundreds digit of 2019333?
3
What is the thousands digit of 6093844?
3
What is the hundreds digit of 10568827?
8
What is the units digit of 8780829?
9
What is the hundred thousands digit of 8449385?
4
What is the tens digit of 2701852?
5
What is the thousands digit of 173565?
3
What is the ten millions digit of 11671019?
1
What is the millions digit of 2522676?
2
What is the hundred thousands digit of 8928892?
9
What is the hundred thousands digit of 384412?
3
What is the hundreds digit of 671770?
7
What is the thousands digit of 468079?
8
What is the units digit of 46869?
9
What is the hundreds digit of 18502957?
9
What is the thousands digit of 7416281?
6
What is the millions digit of 8240628?
8
What is the thousands digit of 1470202?
0
What is the thousands digit of 686991?
6
What is the thousands digit of 2940191?
0
What is the tens digit of 496172?
7
What is the hundreds digit of 4225756?
7
What is the hundred thousands digit of 2323755?
3
What is the hundred thousands digit of 813127?
8
What is the ten thousands digit of 139343?
3
What is the tens digit of 696339?
3
What is the units digit of 163282?
2
What is the units digit of 2302991?
1
What is the tens digit of 34068254?
5
What is the units digit of 4002474?
4
What is the units digit of 2029583?
3
What is the hundred thousands digit of 235641?
2
What is the thousands digit of 18475921?
5
What is the hundreds digit of 221747?
7
What is the ten thousands digit of 8348310?
4
What is the hundreds digit of 23036?
0
What is the units digit of 8473611?
1
What is the hundreds digit of 5052469?
4
What is the ten thousands digit of 1044572?
4
What is the tens digit of 14316866?
6
What is the hundred thousands digit of 478240?
4
What is the tens digit of 965596?
9
What is the hundreds digit of 13566452?
4
What is the hundred thousands digit of 5352537?
3
What is the ten thousands digit of 553812?
5
What is the ten thousands digit of 379636?
7
What is the hundred thousands digit of 18279848?
2
What is the hundred thousands digit of 529318?
5
What is the hundred thousands digit of 2327361?
3
What is the ten thousands digit of 784210?
8
What is the thousands digit of 261713?
1
What is the hundred thousands digit of 263568?
2
What is the hundred thousands digit of 681631?
6
What is the thousands digit of 16049439?
9
What is the hundred thousands digit of 12551189?
5
What is the ten thousands digit of 23429048?
2
What is the ten thousands digit of 206020?
0
What is the hundreds digit of 77942?
9
What is the tens digit of 2147423?
2
What is the ten millions digit of 11387142?
1
What is the thousands digit of 1295695?
5
What is the tens digit of 288098?
9
What is the ten thousands digit of 4693317?
9
What is the thousands digit of 652362?
2
What is the ten thousands digit of 229598?
2
What is the hundreds digit of 1435382?
3
What is the units digit of 542684?
4
What is the millions digit of 7384351?
7
What is the units digit of 114532?
2
What is the tens digit of 181313?
1
What is the hundred thousands digit of 328908?
3
What is the tens digit of 27611741?
4
What is the millions digit of 5519710?
5
What is the units digit of 2329433?
3
What is the hundred thousands digit of 8193120?
1
What is the hundreds digit of 710187?
1
What is the units digit of 2447698?
8
What is the tens digit of 255318?
1
What is the hundred thousands digit of 1283118?
2
What is the ten thousands digit of 2322324?
2
What is the thousands digit of 16010409?
0
What is the tens digit of 2065808?
0
What is the ten thousands digit of 503624?
0
What is the hundreds digit of 51774?
7
What is the tens digit of 1705004?
0
What is the ten thousands digit of 34283369?
8
What is the thousands digit of 830002?
0
What is the thousands digit of 2208590?
8
What is the hundreds digit of 6553204?
2
What is the hundred thousands digit of 4968232?
9
What is the tens digit of 1884847?
4
What is the hundred thousands digit of 659209?
6
What is the hundred thousands digit of 195959?
1
What is the thousands digit of 879164?
9
What is the hundred thousands digit of 2664866?
6
What is the hundreds digit of 50400?
4
What is the units digit of 87286?
6
What is the hundred thousands digit of 36589148?
5
What is the hundreds digit of 64164?
1
What is the hundred thousands digit 